{"id":5143,"date":"2026-03-13T11:04:50","date_gmt":"2026-03-13T10:04:50","guid":{"rendered":"https:\/\/kapelo.net\/?page_id=5143"},"modified":"2026-03-27T21:37:56","modified_gmt":"2026-03-27T20:37:56","slug":"laidloiseau-2","status":"publish","type":"page","link":"https:\/\/kapelo.net\/index.php\/laidloiseau-2\/","title":{"rendered":"LAID L&#8217;OISEAU"},"content":{"rendered":"\n<div class=\"wp-block-uagb-container uagb-block-91ff5ee1 alignfull uagb-is-root-container\"><div class=\"uagb-container-inner-blocks-wrap\">\n<div class=\"wp-block-stackable-columns stk-block-columns stk-block stk-8d38269\" data-block-id=\"8d38269\"><div class=\"stk-row stk-inner-blocks stk-block-content stk-content-align stk-8d38269-column\">\n<div class=\"wp-block-stackable-column stk-block-column stk-column stk-block stk-59c6cc5\" data-v=\"4\" data-block-id=\"59c6cc5\"><div class=\"stk-column-wrapper stk-block-column__content stk-container stk-59c6cc5-container stk--no-background stk--no-padding\"><div class=\"stk-block-content stk-inner-blocks stk-59c6cc5-inner-blocks\">\n<p class=\"has-custom-4-color has-text-color has-link-color wp-elements-e7e15d6c4dc07e0de566e65f46f0a03c wp-block-paragraph\" style=\"font-size:20px\">LAID L&#8217;OISEAU, LE VILLAGE MAUDIT<\/p>\n<\/div><\/div><\/div>\n\n\n\n<div class=\"wp-block-stackable-column stk-block-column stk-column stk-block stk-ace8d85\" data-v=\"4\" data-block-id=\"ace8d85\"><div class=\"stk-column-wrapper stk-block-column__content stk-container stk-ace8d85-container stk--no-background stk--no-padding\"><div class=\"stk-block-content stk-inner-blocks stk-ace8d85-inner-blocks\">\n<p class=\"has-text-align-right wp-block-paragraph\" style=\"font-size:18px\"><a href=\"https:\/\/kapelo.net\/index.php\/laidloiseau-2\/\" data-type=\"link\" data-id=\"https:\/\/kapelo.net\/index.php\/laidloiseau-2\/\">page 1<\/a> <a href=\"https:\/\/kapelo.net\/index.php\/laid-loiseau-p-2\/\" data-type=\"page\" data-id=\"6158\">page 2<\/a><\/p>\n<\/div><\/div><\/div>\n<\/div><\/div>\n\n\n\n<p class=\"has-custom-4-color has-text-color has-link-color wp-elements-682a1d07d8a05c4209af31d4babe2ab6 wp-block-paragraph\" style=\"font-size:20px\">Extrait de l&#8217;ouvrage de Marcelle SIMAL-GILLIS <em>LAID L&#8217;OISEAU le village maudit<\/em><\/p>\n<\/div><\/div>\n\n\n\n<div class=\"wp-block-uagb-container uagb-block-dea96ef2 alignfull uagb-is-root-container\"><div class=\"uagb-container-inner-blocks-wrap\">\n<div class=\"wp-block-columns is-layout-flex wp-container-core-columns-is-layout-8f761849 wp-block-columns-is-layout-flex\">\n<div class=\"wp-block-column is-layout-flow wp-block-column-is-layout-flow\">\n<p class=\"wp-block-paragraph\" style=\"font-size:16px\">Au XIVe si\u00e8cle, le Moyen Age va vers son d\u00e9clin. La bataille desEperons d&#8217;or, le 11 juillet 1302, fait date dans l&#8217; histoire de la Belgique. La guerre dite de cent ans qui dura 116 ans, ainsi que 1&#8217;\u00e9pid\u00e9mie de peste d\u00e9ciment la population.<\/p>\n\n\n\n<p class=\"wp-block-paragraph\">Dans notre Ardenne, les petits villages d\u00e9pendant de la Terre de Durbuy, repli\u00e9s sur eux-m\u00eame et relevant d&#8217;autorit\u00e9s diff\u00e9rentes, forment une unit\u00e9 profonde sous la protection du Seigneur de Durbuy, auquel ils doivent divers services. En \u00e9change, ils peuvent, dans le bois du Pays, se procurer les moyens de subsistance : la fa\u00eene fournit l\u2019huile m\u00e9nag\u00e8re ; la gland\u00e9e permet 1&#8217;\u00e9levage des porcs ; le ramassage du bois pour diff\u00e9rents usages ; le gibier, l\u00e9galement propri\u00e9t\u00e9 du seigneur et occasionnellement celle du braconnier, compl\u00e8te les frugaux repas.<\/p>\n\n\n\n<p class=\"wp-block-paragraph\">Le soir venu, dans les chaumi\u00e8res, fatigu\u00e9s apr\u00e8s une une p\u00e9nible journ\u00e9e, la famille s&#8217;endort de bonne heure, pour \u00e9conomiser tant la chandelle que le combustible. Au ch\u00e2teau de Durbuy, on veille. Les nobles visiteurs tirent la conclusion tragique des deux derni\u00e8res croisades.<br>Bien s\u00fbr, il est question des flots d&#8217;or et de sang perdus tant dans les batailles entre Crois\u00e9s que dans celles contre les Sarrasins, mais aussi bien s\u00fbr du mode de vie de ces fils de Mahomet.<\/p>\n\n\n\n<p class=\"wp-block-paragraph\" style=\"font-size:16px\">Ici, il est int\u00e9ressant de signaler que la l\u00e9gende a peupl\u00e9 nos r\u00e9gions de trous, de tours, de bois, de collines portant le nom de Sarrasin. D\u00e8s le XIIE si\u00e8cle, ce terme de Sarrasin va d\u00e9signer le musulman, 1&#8217;oriental mais aussi tout ce qui est pa\u00efen ou infid\u00e8le aux yeux des occidentaux chr\u00e9tiens.<\/p>\n\n\n\n<p class=\"wp-block-paragraph\">Les chevaliers francs apprirent des Sarrasins, d&#8217;Orient ceux-l\u00e0, le luxe, les sciences, 1&#8217;usage de maintes choses utiles ainsi que les les techniques du dressage des oiseaux de haut vol&nbsp;: la fauconnerie ou l&#8217;art compliqu\u00e9 et raffin\u00e9 de capturer une proie sauvage \u00e0 l&#8217;aide d&#8217;un rapace dress\u00e9. Bien que d\u00e9j\u00e0 introduit en France sou les premiers rois m\u00e9rovingiens, c&#8217;est \u00e0 l\u2019\u00e9poque des croisades que ce mode de chasse prit un grand essor en Europe jusqu\u2019au XVIIIe sicle.<\/p>\n<\/div>\n\n\n\n<div class=\"wp-block-column is-layout-flow wp-block-column-is-layout-flow\">\n<p class=\"wp-block-paragraph\" style=\"font-size:16px\">On distingue deux types d&#8217;oiseaux de fauconnerie : les oiseaux de bas vol, ou oiseaux de poing, tels l&#8217;autour ou l&#8217;\u00e9pervier, et les oiseaux de haut vol ou de leurre, tel entre autres, le faucon qui poursuit sa proie en plein ciel, \u00e0 travers d&#8217;immenses espaces. On chuchotait aussi que cette nouvelle technique de chasse r\u00e9gnait sur toutes les cours d&#8217;Europe. Le seigneur de Durbuy, dont le domaine \u00e9tait vaste et giboyeux, n\u2019\u00e9chappa pas \u00e0 cet engouement. Il nomma un fauconnier qui fut oblig\u00e9, comme il se doit, de vivre en permanence avec ses oiseaux sur un large plateau duquel il pouvait suivre les mont\u00e9es en chandelle et les piqu\u00e9s \u00e0 plus de 200 km \u00e0 l&#8217;heure de ce favori des rois, cet oiseau nicheur ardennais , le plus, le plus spectaculaire chasseur\u00a0: le faucon, appel\u00e9 OYSEL dans le langage populaire.<br>.<br>Cet endroit fut ainsi d\u00e9nomm\u00e9 au XIVE si\u00e8cle 1&#8217;AYRE DEL OYSEL, le nid du faucon, ou peut-\u00eatre la maison du fauconnier. Il y a environ six cents ans, quelques feux \u00e9taient ainsi r\u00e9unis sur ce plateau isol\u00e9 et sauvage.<\/p>\n\n\n\n<p class=\"wp-block-paragraph\">Plus tard, ce site est appel\u00e9 L&#8217;AI DLOUHE, le nid de l&#8217;oiseau, transform\u00e9 ensuite en LAID OUHAI, pour enfin devenir en 1791 LAIDE L&#8217;OISEAU, puis LAID L&#8217;OISEAU ou LAIDLOISEAU.<\/p>\n\n\n\n<p class=\"wp-block-paragraph\">Au XVIE si\u00e8cle, sur la terre de Durbuy, la for\u00eat est toujours plantureuse et le minerai tr\u00e8s abondant ; la m\u00e9tallurgie du fer y est tr\u00e8s florissante, c&#8217;est en 1537 que la production y atteint sa cote la plus \u00e9lev\u00e9e.<br>Trente-cinq usines, dont pr\u00e8s de trente dans la vall\u00e9e de 1&#8217;Aisne, y manifestent leur activit\u00e9. Brusquement, tout s&#8217;arr\u00eate, puis reprend. Finalement en 1630 une seule usine \u00e9tait encore en activit\u00e9.<\/p>\n\n\n\n<p class=\"wp-block-paragraph\">Au XVIIIE si\u00e8cle, le fourneau, la forge et la platinerie de l&#8217;usine de \u201cLa Roche \u00e0 Fresne&#8221;, \u00e0 Heyd, fonctionne toujours . La cons\u00e9quence de la disparition de ces outils est \u00e9videmment la perte de 1&#8217;emploi et d\u2019une certaine aisance. Alors, est-ce la pauvret\u00e9, ou 1&#8217;oisivet\u00e9, ou simplement quelques esprits malfaisants, qui vont engendrer, sur la rive droite de l&#8217; Aisne (et plus exactement \u00e0 Hoursinne, village joignant Laidloiseau), les &#8220;\u00e9gorgeurs ardennais&#8221;, qualificatif attribu\u00e9 \u00e0 la famille Lamarm\u00edte?<\/p>\n<\/div>\n<\/div>\n\n\n\n<p class=\"wp-block-paragraph\" style=\"font-size:18px\"><a href=\"https:\/\/kapelo.net\/index.php\/laidloiseau\/\" data-type=\"page\" data-id=\"5137\">SUITE Page 2<\/a><\/p>\n<\/div><\/div>\n\n\n\n<p class=\"wp-block-paragraph\"><\/p>\n","protected":false},"excerpt":{"rendered":"<p>LAID L&#8217;OISEAU, LE VILLAGE MAUDIT page 1 page 2 Extrait de l&#8217;ouvrage de Marcelle SIMAL-GILLIS LAID L&#8217;OISEAU le village maudit Au XIVe si\u00e8cle, le Moyen Age va vers son d\u00e9clin. La bataille desEperons d&#8217;or, le 11 juillet 1302, fait date dans l&#8217; histoire de la Belgique. La guerre dite de cent ans qui dura 116&hellip;&nbsp;<\/p>\n","protected":false},"author":1,"featured_media":0,"parent":0,"menu_order":0,"comment_status":"closed","ping_status":"closed","template":"","meta":{"_crdt_document":"","_uag_custom_page_level_css":"","neve_meta_sidebar":"","neve_meta_container":"","neve_meta_enable_content_width":"","neve_meta_content_width":0,"neve_meta_title_alignment":"","neve_meta_author_avatar":"","neve_post_elements_order":"","neve_meta_disable_header":"","neve_meta_disable_footer":"","neve_meta_disable_title":"","ngg_post_thumbnail":0,"_themeisle_gutenberg_block_has_review":false,"footnotes":""},"class_list":["post-5143","page","type-page","status-publish","hentry"],"uagb_featured_image_src":{"full":false,"thumbnail":false,"medium":false,"medium_large":false,"large":false,"1536x1536":false,"2048x2048":false,"neve-blog":false},"uagb_author_info":{"display_name":"KAPbonma","author_link":"https:\/\/kapelo.net\/index.php\/author\/kapbonma\/"},"uagb_comment_info":0,"uagb_excerpt":"LAID L&#8217;OISEAU, LE VILLAGE MAUDIT page 1 page 2 Extrait de l&#8217;ouvrage de Marcelle SIMAL-GILLIS LAID L&#8217;OISEAU le village maudit Au XIVe si\u00e8cle, le Moyen Age va vers son d\u00e9clin. La bataille desEperons d&#8217;or, le 11 juillet 1302, fait date dans l&#8217; histoire de la Belgique. La guerre dite de cent ans qui dura 116&hellip;&nbsp;","_links":{"self":[{"href":"https:\/\/kapelo.net\/index.php\/wp-json\/wp\/v2\/pages\/5143","targetHints":{"allow":["GET"]}}],"collection":[{"href":"https:\/\/kapelo.net\/index.php\/wp-json\/wp\/v2\/pages"}],"about":[{"href":"https:\/\/kapelo.net\/index.php\/wp-json\/wp\/v2\/types\/page"}],"author":[{"embeddable":true,"href":"https:\/\/kapelo.net\/index.php\/wp-json\/wp\/v2\/users\/1"}],"replies":[{"embeddable":true,"href":"https:\/\/kapelo.net\/index.php\/wp-json\/wp\/v2\/comments?post=5143"}],"version-history":[{"count":26,"href":"https:\/\/kapelo.net\/index.php\/wp-json\/wp\/v2\/pages\/5143\/revisions"}],"predecessor-version":[{"id":6471,"href":"https:\/\/kapelo.net\/index.php\/wp-json\/wp\/v2\/pages\/5143\/revisions\/6471"}],"wp:attachment":[{"href":"https:\/\/kapelo.net\/index.php\/wp-json\/wp\/v2\/media?parent=5143"}],"curies":[{"name":"wp","href":"https:\/\/api.w.org\/{rel}","templated":true}]}}

<div class="wp-block-uagb-container uagb-block-91ff5ee1 alignfull uagb-is-root-container"><div class="uagb-container-inner-blocks-wrap">
<div class="wp-block-stackable-columns stk-block-columns stk-block stk-8d38269" data-block-id="8d38269"><div class="stk-row stk-inner-blocks stk-block-content stk-content-align stk-8d38269-column">
<div class="wp-block-stackable-column stk-block-column stk-column stk-block stk-59c6cc5" data-v="4" data-block-id="59c6cc5"><div class="stk-column-wrapper stk-block-column__content stk-container stk-59c6cc5-container stk--no-background stk--no-padding"><div class="stk-block-content stk-inner-blocks stk-59c6cc5-inner-blocks">
<p class="has-custom-4-color has-text-color has-link-color wp-elements-e7e15d6c4dc07e0de566e65f46f0a03c wp-block-paragraph" style="font-size:20px">LAID L&#8217;OISEAU, LE VILLAGE MAUDIT</p>
</div></div></div>



<div class="wp-block-stackable-column stk-block-column stk-column stk-block stk-ace8d85" data-v="4" data-block-id="ace8d85"><div class="stk-column-wrapper stk-block-column__content stk-container stk-ace8d85-container stk--no-background stk--no-padding"><div class="stk-block-content stk-inner-blocks stk-ace8d85-inner-blocks">
<p class="has-text-align-right wp-block-paragraph" style="font-size:18px"><a href="https://kapelo.net/index.php/laidloiseau-2/" data-type="link" data-id="https://kapelo.net/index.php/laidloiseau-2/">page 1</a> <a href="https://kapelo.net/index.php/laid-loiseau-p-2/" data-type="page" data-id="6158">page 2</a></p>
</div></div></div>
</div></div>



<p class="has-custom-4-color has-text-color has-link-color wp-elements-682a1d07d8a05c4209af31d4babe2ab6 wp-block-paragraph" style="font-size:20px">Extrait de l&#8217;ouvrage de Marcelle SIMAL-GILLIS <em>LAID L&#8217;OISEAU le village maudit</em></p>
</div></div>



<div class="wp-block-uagb-container uagb-block-dea96ef2 alignfull uagb-is-root-container"><div class="uagb-container-inner-blocks-wrap">
<div class="wp-block-columns is-layout-flex wp-container-core-columns-is-layout-8f761849 wp-block-columns-is-layout-flex">
<div class="wp-block-column is-layout-flow wp-block-column-is-layout-flow">
<p class="wp-block-paragraph" style="font-size:16px">Au XIVe siècle, le Moyen Age va vers son déclin. La bataille desEperons d&#8217;or, le 11 juillet 1302, fait date dans l&#8217; histoire de la Belgique. La guerre dite de cent ans qui dura 116 ans, ainsi que 1&#8217;épidémie de peste déciment la population.</p>



<p class="wp-block-paragraph">Dans notre Ardenne, les petits villages dépendant de la Terre de Durbuy, repliés sur eux-même et relevant d&#8217;autorités différentes, forment une unité profonde sous la protection du Seigneur de Durbuy, auquel ils doivent divers services. En échange, ils peuvent, dans le bois du Pays, se procurer les moyens de subsistance : la faîne fournit l’huile ménagère ; la glandée permet 1&#8217;élevage des porcs ; le ramassage du bois pour différents usages ; le gibier, légalement propriété du seigneur et occasionnellement celle du braconnier, complète les frugaux repas.</p>



<p class="wp-block-paragraph">Le soir venu, dans les chaumières, fatigués après une une pénible journée, la famille s&#8217;endort de bonne heure, pour économiser tant la chandelle que le combustible. Au château de Durbuy, on veille. Les nobles visiteurs tirent la conclusion tragique des deux dernières croisades.<br>Bien sûr, il est question des flots d&#8217;or et de sang perdus tant dans les batailles entre Croisés que dans celles contre les Sarrasins, mais aussi bien sûr du mode de vie de ces fils de Mahomet.</p>



<p class="wp-block-paragraph" style="font-size:16px">Ici, il est intéressant de signaler que la légende a peuplé nos régions de trous, de tours, de bois, de collines portant le nom de Sarrasin. Dès le XIIE siècle, ce terme de Sarrasin va désigner le musulman, 1&#8217;oriental mais aussi tout ce qui est païen ou infidèle aux yeux des occidentaux chrétiens.</p>



<p class="wp-block-paragraph">Les chevaliers francs apprirent des Sarrasins, d&#8217;Orient ceux-là, le luxe, les sciences, 1&#8217;usage de maintes choses utiles ainsi que les les techniques du dressage des oiseaux de haut vol&nbsp;: la fauconnerie ou l&#8217;art compliqué et raffiné de capturer une proie sauvage à l&#8217;aide d&#8217;un rapace dressé. Bien que déjà introduit en France sou les premiers rois mérovingiens, c&#8217;est à l’époque des croisades que ce mode de chasse prit un grand essor en Europe jusqu’au XVIIIe sicle.</p>
</div>



<div class="wp-block-column is-layout-flow wp-block-column-is-layout-flow">
<p class="wp-block-paragraph" style="font-size:16px">On distingue deux types d&#8217;oiseaux de fauconnerie : les oiseaux de bas vol, ou oiseaux de poing, tels l&#8217;autour ou l&#8217;épervier, et les oiseaux de haut vol ou de leurre, tel entre autres, le faucon qui poursuit sa proie en plein ciel, à travers d&#8217;immenses espaces. On chuchotait aussi que cette nouvelle technique de chasse régnait sur toutes les cours d&#8217;Europe. Le seigneur de Durbuy, dont le domaine était vaste et giboyeux, n’échappa pas à cet engouement. Il nomma un fauconnier qui fut obligé, comme il se doit, de vivre en permanence avec ses oiseaux sur un large plateau duquel il pouvait suivre les montées en chandelle et les piqués à plus de 200 km à l&#8217;heure de ce favori des rois, cet oiseau nicheur ardennais , le plus, le plus spectaculaire chasseur : le faucon, appelé OYSEL dans le langage populaire.<br>.<br>Cet endroit fut ainsi dénommé au XIVE siècle 1&#8217;AYRE DEL OYSEL, le nid du faucon, ou peut-être la maison du fauconnier. Il y a environ six cents ans, quelques feux étaient ainsi réunis sur ce plateau isolé et sauvage.</p>



<p class="wp-block-paragraph">Plus tard, ce site est appelé L&#8217;AI DLOUHE, le nid de l&#8217;oiseau, transformé ensuite en LAID OUHAI, pour enfin devenir en 1791 LAIDE L&#8217;OISEAU, puis LAID L&#8217;OISEAU ou LAIDLOISEAU.</p>



<p class="wp-block-paragraph">Au XVIE siècle, sur la terre de Durbuy, la forêt est toujours plantureuse et le minerai très abondant ; la métallurgie du fer y est très florissante, c&#8217;est en 1537 que la production y atteint sa cote la plus élevée.<br>Trente-cinq usines, dont près de trente dans la vallée de 1&#8217;Aisne, y manifestent leur activité. Brusquement, tout s&#8217;arrête, puis reprend. Finalement en 1630 une seule usine était encore en activité.</p>



<p class="wp-block-paragraph">Au XVIIIE siècle, le fourneau, la forge et la platinerie de l&#8217;usine de “La Roche à Fresne&#8221;, à Heyd, fonctionne toujours . La conséquence de la disparition de ces outils est évidemment la perte de 1&#8217;emploi et d’une certaine aisance. Alors, est-ce la pauvreté, ou 1&#8217;oisiveté, ou simplement quelques esprits malfaisants, qui vont engendrer, sur la rive droite de l&#8217; Aisne (et plus exactement à Hoursinne, village joignant Laidloiseau), les &#8220;égorgeurs ardennais&#8221;, qualificatif attribué à la famille Lamarmíte?</p>
</div>
</div>



<p class="wp-block-paragraph" style="font-size:18px"><a href="https://kapelo.net/index.php/laidloiseau/" data-type="page" data-id="5137">SUITE Page 2</a></p>
</div></div>



<p class="wp-block-paragraph"></p>

<p>LAID L&#8217;OISEAU, LE VILLAGE MAUDIT page 1 page 2 Extrait de l&#8217;ouvrage de Marcelle SIMAL-GILLIS LAID L&#8217;OISEAU le village maudit Au XIVe siècle, le Moyen Age va vers son déclin. La bataille desEperons d&#8217;or, le 11 juillet 1302, fait date dans l&#8217; histoire de la Belgique. La guerre dite de cent ans qui dura 116&hellip;&nbsp;</p>

LAID L&#8217;OISEAU, LE VILLAGE MAUDIT page 1 page 2 Extrait de l&#8217;ouvrage de Marcelle SIMAL-GILLIS LAID L&#8217;OISEAU le village maudit Au XIVe siècle, le Moyen Age va vers son déclin. La bataille desEperons d&#8217;or, le 11 juillet 1302, fait date dans l&#8217; histoire de la Belgique. La guerre dite de cent ans qui dura 116&hellip;&nbsp;
