{"id":5036,"date":"2026-03-11T17:18:34","date_gmt":"2026-03-11T16:18:34","guid":{"rendered":"https:\/\/kapelo.net\/?page_id=5036"},"modified":"2026-03-16T10:04:01","modified_gmt":"2026-03-16T09:04:01","slug":"trecit-dun-condamne","status":"publish","type":"page","link":"https:\/\/kapelo.net\/index.php\/trecit-dun-condamne\/","title":{"rendered":"UN ROMAN*"},"content":{"rendered":"\n<div class=\"wp-block-uagb-container uagb-block-679b9804 alignfull uagb-is-root-container\"><div class=\"uagb-container-inner-blocks-wrap\">\n<p class=\"has-custom-5-color has-text-color has-link-color wp-elements-b6010c1e54e64313556136a6a6ad3ad5 wp-block-paragraph\" style=\"font-size:25px\"> &nbsp;RAYMONDE DE HOURSINNE **<\/p>\n<\/div><\/div>\n\n\n\n<p class=\"has-custom-5-color has-text-color has-link-color wp-elements-699103382ed68ce2cd49b6cea87208c5 wp-block-paragraph\" style=\"font-size:25px\"><\/p>\n\n\n\n<div class=\"wp-block-uagb-container uagb-block-4a2fec43 alignfull uagb-is-root-container\"><div class=\"uagb-container-inner-blocks-wrap\">\n<div class=\"wp-block-columns is-layout-flex wp-container-core-columns-is-layout-6e81cd72 wp-block-columns-is-layout-flex\" style=\"padding-top:0;padding-bottom:0\">\n<div class=\"wp-block-column is-layout-flow wp-block-column-is-layout-flow\">\n<div class=\"wp-block-media-text is-stacked-on-mobile\" style=\"grid-template-columns:40% auto\"><figure class=\"wp-block-media-text__media\"><img loading=\"lazy\" decoding=\"async\" width=\"289\" height=\"365\" src=\"https:\/\/kapelo.net\/wp-content\/uploads\/2026\/03\/image.png\" alt=\"\" class=\"wp-image-5022 size-full\" srcset=\"https:\/\/kapelo.net\/wp-content\/uploads\/2026\/03\/image.png 289w, https:\/\/kapelo.net\/wp-content\/uploads\/2026\/03\/image-238x300.png 238w\" sizes=\"auto, (max-width: 289px) 100vw, 289px\" \/><\/figure><div class=\"wp-block-media-text__content\">\n<p class=\"wp-block-paragraph\"><strong>L&#8217;auteur : Georges Lecomte<\/strong><br><br>Il est n\u00e9 \u00e0 Deulin ( Fronville) le 8 juin 1846 et a longtemps habit\u00e9 \u00e0 Oppagne. Il est d\u00e9c\u00e9d\u00e9 \u00e0 Oppagne en 1939.<br>Le 14 mai 1939 se d\u00e9roula \u00e0 Aywaille &#8220;Une journ\u00e9e Georges Lecomte&#8221;..<br><\/p>\n<\/div><\/div>\n\n\n\n<p class=\"wp-block-paragraph\"><\/p>\n\n\n\n<p class=\"wp-block-paragraph\" style=\"font-size:16px\">C&#8217;est \u00e0 65 ans qu&#8217;il va \u00e9crire sa premi\u00e8re \u0153uvre <em>Les trois pr\u00e9tendants d&#8217;une Li\u00e9geoise<\/em> et ensuite un deuxi\u00e8me ouvrage <em>Un r\u00e9fractaire ardennais sous Napol\u00e9on.<\/em><br>Ce roman raconte l&#8217;histoire de Lambert Anthisnes d&#8217;Izier qui s&#8217;enfuit de son village \u00e0 l&#8217;arriv\u00e9e des gendarmes venus l&#8217;arr\u00eater pour avoir refus\u00e9 d&#8217;ob\u00e9ir aux ordres de l&#8217;empereur. Il passa se recueillir \u00e0 Saint-Antoine puis gagna Chevron pour saluer des parents avant d&#8217;aller se r\u00e9fugier pr\u00e8s de Lierneux. Il fut engag\u00e9 comme ouvrier agricole par le propri\u00e9taire de la ferme de Noirefontaine, ancienne r\u00e9sidence des moines de Stavelot<\/p>\n\n\n\n<p class=\"wp-block-paragraph\" style=\"font-size:16px\"><br><\/p>\n<\/div>\n\n\n\n<div class=\"wp-block-column is-layout-flow wp-block-column-is-layout-flow\">\n<p class=\"wp-block-paragraph\"><\/p>\n\n\n\n<p class=\"wp-block-paragraph\" style=\"font-size:18px\"><br>A 85 ans, Georges Lecomte fait para\u00eetre son dernier roman \u00ab&nbsp;<br><em>Raymonde de Hoursinne<\/em><\/p>\n\n\n\n<div class=\"wp-block-uagb-container uagb-block-93457ac5\"><\/div>\n\n\n\n<div class=\"wp-block-uagb-container uagb-block-0332880a\"><\/div>\n\n\n\n<div class=\"wp-block-uagb-container uagb-block-0dca097f\"><\/div>\n\n\n\n<p class=\"wp-block-paragraph\">Ce r\u00e9cit a pour cadre les villages de R\u00e9mi et Raymonde, les localit\u00e9s voisines de Mormont, Deux-Rys et Laid l\u2019Oiseau ainsi que les environs.<\/p>\n\n\n\n<p class=\"wp-block-paragraph\"><\/p>\n\n\n\n<p class=\"wp-block-paragraph\"><\/p>\n\n\n\n<p class=\"wp-block-paragraph\">Pierre Beaupr\u00e9, fermier \u00e0 Hoursinne, eut un premier fils nomm\u00e9 Martin. Il devint veuf et \u00e9pousa en seconde noce Bertine Daine de Deux-Rys dont il eut un second fils R\u00e9mi. Georges Lecomte a \u00e9crit l\u2019histoire v\u00e9cue de la rencontre, du mariage et de la vie de Remi et Raymonde Devillers, n\u00e9s tous les deux en 1852. Raymonde, dont le p\u00e8re \u00e9tait fermier \u00e0 Petite Hoursinne, avait d\u2019abord \u00e9t\u00e9 fianc\u00e9e \u00e0 Martin ce qui provoquera certaines tensions.Le Mohet, un des protagonistes de l\u2019histoire, s\u2019enfuira, apr\u00e8s avoir mis le feu \u00e0 sa chaumi\u00e8re de Laid l\u2019Oiseau qu\u2019il venait de vendre \u00e0 Martin Beaupr\u00e9<\/p>\n\n\n\n<p class=\"wp-block-paragraph\"><\/p>\n<\/div>\n<\/div>\n\n\n\n<p class=\"wp-block-paragraph\"><\/p>\n<\/div><\/div>\n\n\n\n<div class=\"wp-block-columns is-layout-flex wp-container-core-columns-is-layout-8f761849 wp-block-columns-is-layout-flex\">\n<div class=\"wp-block-column is-layout-flow wp-block-column-is-layout-flow\">\n<p class=\"wp-block-paragraph\" style=\"font-size:16px\"><\/p>\n\n\n\n<p class=\"wp-block-paragraph\"><strong><br><\/strong><\/p>\n<\/div>\n\n\n\n<div class=\"wp-block-column is-layout-flow wp-block-column-is-layout-flow\">\n<p class=\"wp-block-paragraph\" style=\"font-size:16px\"><br><\/p>\n\n\n\n<p class=\"wp-block-paragraph\"><br><\/p>\n<\/div>\n<\/div>\n\n\n\n<p class=\"wp-block-paragraph\"><\/p>\n","protected":false},"excerpt":{"rendered":"<p>&nbsp;RAYMONDE DE HOURSINNE ** L&#8217;auteur : Georges Lecomte Il est n\u00e9 \u00e0 Deulin ( Fronville) le 8 juin 1846 et a longtemps habit\u00e9 \u00e0 Oppagne. Il est d\u00e9c\u00e9d\u00e9 \u00e0 Oppagne en 1939.Le 14 mai 1939 se d\u00e9roula \u00e0 Aywaille &#8220;Une journ\u00e9e Georges Lecomte&#8221;.. C&#8217;est \u00e0 65 ans qu&#8217;il va \u00e9crire sa premi\u00e8re \u0153uvre Les trois&hellip;&nbsp;<\/p>\n","protected":false},"author":1,"featured_media":0,"parent":0,"menu_order":0,"comment_status":"closed","ping_status":"closed","template":"","meta":{"_crdt_document":"","_uag_custom_page_level_css":"","neve_meta_sidebar":"","neve_meta_container":"","neve_meta_enable_content_width":"","neve_meta_content_width":0,"neve_meta_title_alignment":"","neve_meta_author_avatar":"","neve_post_elements_order":"","neve_meta_disable_header":"","neve_meta_disable_footer":"","neve_meta_disable_title":"","ngg_post_thumbnail":0,"_themeisle_gutenberg_block_has_review":false,"footnotes":""},"class_list":["post-5036","page","type-page","status-publish","hentry"],"uagb_featured_image_src":{"full":false,"thumbnail":false,"medium":false,"medium_large":false,"large":false,"1536x1536":false,"2048x2048":false,"neve-blog":false},"uagb_author_info":{"display_name":"KAPbonma","author_link":"https:\/\/kapelo.net\/index.php\/author\/kapbonma\/"},"uagb_comment_info":0,"uagb_excerpt":"&nbsp;RAYMONDE DE HOURSINNE ** L&#8217;auteur : Georges Lecomte Il est n\u00e9 \u00e0 Deulin ( Fronville) le 8 juin 1846 et a longtemps habit\u00e9 \u00e0 Oppagne. Il est d\u00e9c\u00e9d\u00e9 \u00e0 Oppagne en 1939.Le 14 mai 1939 se d\u00e9roula \u00e0 Aywaille &#8220;Une journ\u00e9e Georges Lecomte&#8221;.. C&#8217;est \u00e0 65 ans qu&#8217;il va \u00e9crire sa premi\u00e8re \u0153uvre Les trois&hellip;&nbsp;","_links":{"self":[{"href":"https:\/\/kapelo.net\/index.php\/wp-json\/wp\/v2\/pages\/5036","targetHints":{"allow":["GET"]}}],"collection":[{"href":"https:\/\/kapelo.net\/index.php\/wp-json\/wp\/v2\/pages"}],"about":[{"href":"https:\/\/kapelo.net\/index.php\/wp-json\/wp\/v2\/types\/page"}],"author":[{"embeddable":true,"href":"https:\/\/kapelo.net\/index.php\/wp-json\/wp\/v2\/users\/1"}],"replies":[{"embeddable":true,"href":"https:\/\/kapelo.net\/index.php\/wp-json\/wp\/v2\/comments?post=5036"}],"version-history":[{"count":40,"href":"https:\/\/kapelo.net\/index.php\/wp-json\/wp\/v2\/pages\/5036\/revisions"}],"predecessor-version":[{"id":5860,"href":"https:\/\/kapelo.net\/index.php\/wp-json\/wp\/v2\/pages\/5036\/revisions\/5860"}],"wp:attachment":[{"href":"https:\/\/kapelo.net\/index.php\/wp-json\/wp\/v2\/media?parent=5036"}],"curies":[{"name":"wp","href":"https:\/\/api.w.org\/{rel}","templated":true}]}}

<div class="wp-block-uagb-container uagb-block-679b9804 alignfull uagb-is-root-container"><div class="uagb-container-inner-blocks-wrap">
<p class="has-custom-5-color has-text-color has-link-color wp-elements-b6010c1e54e64313556136a6a6ad3ad5 wp-block-paragraph" style="font-size:25px"> &nbsp;RAYMONDE DE HOURSINNE **</p>
</div></div>



<p class="has-custom-5-color has-text-color has-link-color wp-elements-699103382ed68ce2cd49b6cea87208c5 wp-block-paragraph" style="font-size:25px"></p>



<div class="wp-block-uagb-container uagb-block-4a2fec43 alignfull uagb-is-root-container"><div class="uagb-container-inner-blocks-wrap">
<div class="wp-block-columns is-layout-flex wp-container-core-columns-is-layout-6e81cd72 wp-block-columns-is-layout-flex" style="padding-top:0;padding-bottom:0">
<div class="wp-block-column is-layout-flow wp-block-column-is-layout-flow">
<div class="wp-block-media-text is-stacked-on-mobile" style="grid-template-columns:40% auto"><figure class="wp-block-media-text__media"><img loading="lazy" decoding="async" width="289" height="365" src="https://kapelo.net/wp-content/uploads/2026/03/image.png" alt="" class="wp-image-5022 size-full" srcset="https://kapelo.net/wp-content/uploads/2026/03/image.png 289w, https://kapelo.net/wp-content/uploads/2026/03/image-238x300.png 238w" sizes="auto, (max-width: 289px) 100vw, 289px" /></figure><div class="wp-block-media-text__content">
<p class="wp-block-paragraph"><strong>L&#8217;auteur : Georges Lecomte</strong><br><br>Il est né à Deulin ( Fronville) le 8 juin 1846 et a longtemps habité à Oppagne. Il est décédé à Oppagne en 1939.<br>Le 14 mai 1939 se déroula à Aywaille &#8220;Une journée Georges Lecomte&#8221;..<br></p>
</div></div>



<p class="wp-block-paragraph"></p>



<p class="wp-block-paragraph" style="font-size:16px">C&#8217;est à 65 ans qu&#8217;il va écrire sa première œuvre <em>Les trois prétendants d&#8217;une Liégeoise</em> et ensuite un deuxième ouvrage <em>Un réfractaire ardennais sous Napoléon.</em><br>Ce roman raconte l&#8217;histoire de Lambert Anthisnes d&#8217;Izier qui s&#8217;enfuit de son village à l&#8217;arrivée des gendarmes venus l&#8217;arrêter pour avoir refusé d&#8217;obéir aux ordres de l&#8217;empereur. Il passa se recueillir à Saint-Antoine puis gagna Chevron pour saluer des parents avant d&#8217;aller se réfugier près de Lierneux. Il fut engagé comme ouvrier agricole par le propriétaire de la ferme de Noirefontaine, ancienne résidence des moines de Stavelot</p>



<p class="wp-block-paragraph" style="font-size:16px"><br></p>
</div>



<div class="wp-block-column is-layout-flow wp-block-column-is-layout-flow">
<p class="wp-block-paragraph"></p>



<p class="wp-block-paragraph" style="font-size:18px"><br>A 85 ans, Georges Lecomte fait paraître son dernier roman «&nbsp;<br><em>Raymonde de Hoursinne</em></p>



<div class="wp-block-uagb-container uagb-block-93457ac5"></div>



<div class="wp-block-uagb-container uagb-block-0332880a"></div>



<div class="wp-block-uagb-container uagb-block-0dca097f"></div>



<p class="wp-block-paragraph">Ce récit a pour cadre les villages de Rémi et Raymonde, les localités voisines de Mormont, Deux-Rys et Laid l’Oiseau ainsi que les environs.</p>



<p class="wp-block-paragraph"></p>



<p class="wp-block-paragraph"></p>



<p class="wp-block-paragraph">Pierre Beaupré, fermier à Hoursinne, eut un premier fils nommé Martin. Il devint veuf et épousa en seconde noce Bertine Daine de Deux-Rys dont il eut un second fils Rémi. Georges Lecomte a écrit l’histoire vécue de la rencontre, du mariage et de la vie de Remi et Raymonde Devillers, nés tous les deux en 1852. Raymonde, dont le père était fermier à Petite Hoursinne, avait d’abord été fiancée à Martin ce qui provoquera certaines tensions.Le Mohet, un des protagonistes de l’histoire, s’enfuira, après avoir mis le feu à sa chaumière de Laid l’Oiseau qu’il venait de vendre à Martin Beaupré</p>



<p class="wp-block-paragraph"></p>
</div>
</div>



<p class="wp-block-paragraph"></p>
</div></div>



<div class="wp-block-columns is-layout-flex wp-container-core-columns-is-layout-8f761849 wp-block-columns-is-layout-flex">
<div class="wp-block-column is-layout-flow wp-block-column-is-layout-flow">
<p class="wp-block-paragraph" style="font-size:16px"></p>



<p class="wp-block-paragraph"><strong><br></strong></p>
</div>



<div class="wp-block-column is-layout-flow wp-block-column-is-layout-flow">
<p class="wp-block-paragraph" style="font-size:16px"><br></p>



<p class="wp-block-paragraph"><br></p>
</div>
</div>



<p class="wp-block-paragraph"></p>

<p>&nbsp;RAYMONDE DE HOURSINNE ** L&#8217;auteur : Georges Lecomte Il est né à Deulin ( Fronville) le 8 juin 1846 et a longtemps habité à Oppagne. Il est décédé à Oppagne en 1939.Le 14 mai 1939 se déroula à Aywaille &#8220;Une journée Georges Lecomte&#8221;.. C&#8217;est à 65 ans qu&#8217;il va écrire sa première œuvre Les trois&hellip;&nbsp;</p>

&nbsp;RAYMONDE DE HOURSINNE ** L&#8217;auteur : Georges Lecomte Il est né à Deulin ( Fronville) le 8 juin 1846 et a longtemps habité à Oppagne. Il est décédé à Oppagne en 1939.Le 14 mai 1939 se déroula à Aywaille &#8220;Une journée Georges Lecomte&#8221;.. C&#8217;est à 65 ans qu&#8217;il va écrire sa première œuvre Les trois&hellip;&nbsp;
